{"id":11,"date":"2011-01-10T17:10:28","date_gmt":"2011-01-10T16:10:28","guid":{"rendered":"http:\/\/www.fotolabsie.de\/?page_id=11"},"modified":"2020-10-25T12:27:12","modified_gmt":"2020-10-25T11:27:12","slug":"uber-mich","status":"publish","type":"page","link":"http:\/\/www.fotolabsie.de\/?page_id=11","title":{"rendered":"\u00dcber mich"},"content":{"rendered":"<p><img decoding=\"async\" loading=\"lazy\" class=\" wp-image-15 alignleft\" title=\"Der Fotograf\" src=\"http:\/\/www.fotolabsie.de\/wp-content\/uploads\/2011\/01\/avatar.jpg\" alt=\"\" width=\"170\" height=\"255\" \/><\/p>\n<p style=\"text-align: justify;\">Mein Name ist Sascha. Ich bin 45 Jahre alt und wohne in einem kleinen Ort der sich Bassen nennt. Bremen ist etwa 10 km entfernt, nur damit ihr ungef\u00e4hr wisst wo Bassen liegt. Ich bin Vater einer 14 j\u00e4hrigen Tochter.<\/p>\n<p style=\"text-align: justify;\">Begonnen hat alles im Jahr 2001 mit dem &#8222;Knipsen&#8220; unserer Dorf-Band &#8222;Die Patzer&#8220;. Die Speicherkarte wurde mit Bildern von ihren Auftritten und dem Publikum gef\u00fcllt. Es folgte eine Foto-Homepage auf der alle Auftritte dokumentiert wurden. Ich wurde offizieller Bandfotograf. Das Ganze hat mir soviel Spa\u00df gemacht, dass ich bald auf jeder Festlichkeit in unserem Ort Fotos gemacht habe. Das Equipment wurde immer etwas verbessert, bis eines Tages die Qualit\u00e4t der Fotos f\u00fcr mich nicht mehr gut genug war. Es mu\u00dfte eine digitale Spiegelrefelexkamera her. Es wurde eine Canon EOS 400D mit Kitobjektiv angeschafft, die ich auch noch heute gerne f\u00fcr Partyfotografie benutze &#8211; <a href=\"http:\/\/www.events-bassen.de\">www.events-bassen.de<\/a> . Aber am Wochenende nur Bandfotos machen und das Publikum ablichten war irgendwann ein wenig zu langweilig. Das war der Startschuss in eine neue Richtung. Nach und nach habe ich mir dann einiges an Equipment beschafft und in einem Partyraum im Keller ein kleines Studio eingerichtet. Auch hier konnte ich \u00fcber einige Jahre Erfahrungen sammeln. 2011 konnte ich dann endlich mein privates Fotostudio in meiner ungenutzten 120m\u00b2 Wohnung einrichten. Dort habe ich nun einen Umkleide- und Schminkraum, Bad, K\u00fcche mit Aufenthaltsbereich f\u00fcr Begleitpersonen und das wichtigste einen Shootingbereich im ehemaligen Wohnzimmer.<br \/>\nAls kleines Einzugsgeschenk wurde dann auch eine neue Kamera mit Objektiven angeschafft &#8230; von nun an kann ich im Vollformat meine Modelle ablichten.<\/p>\n<p style=\"text-align: justify;\">Ich bin Hobbyfotograf mit einem privaten Fotostudio und suche weibliche Modelle (es spielt keine Rolle, ob du schon einmal vor der Kamera warst), um meine Erfahrungen im Bereich der Peoplefotografie zu verbessern. Meine Bildbereiche bei Shootings gehen von Portrait &#8211; Akt, wobei ich bei Akt Aufnahmen grunds\u00e4tzlich Wert auf einen erotischen Ausdruck lege. Ich fotografiere nur auf TFP Basis und immer mit Vertrag, damit wir beide abgesichert sind.<\/p>\n<p>Viel Spa\u00df auf meiner Homepage !<\/p>\n<p>Liebe Gr\u00fc\u00dfe Sascha<\/p>\n","protected":false},"excerpt":{"rendered":"<p>Mein Name ist Sascha. Ich bin 45 Jahre alt und wohne in einem kleinen Ort der sich Bassen nennt. Bremen ist etwa 10 km entfernt, nur damit ihr ungef\u00e4hr wisst wo Bassen liegt. Ich bin Vater einer 14 j\u00e4hrigen Tochter. Begonnen hat alles im Jahr 2001 mit dem &#8222;Knipsen&#8220; unserer Dorf-Band &#8222;Die Patzer&#8220;. Die Speicherkarte&#8230; <\/p>\n<div class=\"read-more navbutton\"><a href=\"http:\/\/www.fotolabsie.de\/?page_id=11\">Read More<i class=\"fa fa-angle-double-right\"><\/i><\/a><\/div>\n","protected":false},"author":1,"featured_media":0,"parent":0,"menu_order":0,"comment_status":"closed","ping_status":"closed","template":"","meta":[],"_links":{"self":[{"href":"http:\/\/www.fotolabsie.de\/index.php?rest_route=\/wp\/v2\/pages\/11"}],"collection":[{"href":"http:\/\/www.fotolabsie.de\/index.php?rest_route=\/wp\/v2\/pages"}],"about":[{"href":"http:\/\/www.fotolabsie.de\/index.php?rest_route=\/wp\/v2\/types\/page"}],"author":[{"embeddable":true,"href":"http:\/\/www.fotolabsie.de\/index.php?rest_route=\/wp\/v2\/users\/1"}],"replies":[{"embeddable":true,"href":"http:\/\/www.fotolabsie.de\/index.php?rest_route=%2Fwp%2Fv2%2Fcomments&post=11"}],"version-history":[{"count":17,"href":"http:\/\/www.fotolabsie.de\/index.php?rest_route=\/wp\/v2\/pages\/11\/revisions"}],"predecessor-version":[{"id":2267,"href":"http:\/\/www.fotolabsie.de\/index.php?rest_route=\/wp\/v2\/pages\/11\/revisions\/2267"}],"wp:attachment":[{"href":"http:\/\/www.fotolabsie.de\/index.php?rest_route=%2Fwp%2Fv2%2Fmedia&parent=11"}],"curies":[{"name":"wp","href":"https:\/\/api.w.org\/{rel}","templated":true}]}}

Über mich

<p><img decoding="async" loading="lazy" class=" wp-image-15 alignleft" title="Der Fotograf" src="http://www.fotolabsie.de/wp-content/uploads/2011/01/avatar.jpg" alt="" width="170" height="255" /></p>
<p style="text-align: justify;">Mein Name ist Sascha. Ich bin 45 Jahre alt und wohne in einem kleinen Ort der sich Bassen nennt. Bremen ist etwa 10 km entfernt, nur damit ihr ungefähr wisst wo Bassen liegt. Ich bin Vater einer 14 jährigen Tochter.</p>
<p style="text-align: justify;">Begonnen hat alles im Jahr 2001 mit dem &#8222;Knipsen&#8220; unserer Dorf-Band &#8222;Die Patzer&#8220;. Die Speicherkarte wurde mit Bildern von ihren Auftritten und dem Publikum gefüllt. Es folgte eine Foto-Homepage auf der alle Auftritte dokumentiert wurden. Ich wurde offizieller Bandfotograf. Das Ganze hat mir soviel Spaß gemacht, dass ich bald auf jeder Festlichkeit in unserem Ort Fotos gemacht habe. Das Equipment wurde immer etwas verbessert, bis eines Tages die Qualität der Fotos für mich nicht mehr gut genug war. Es mußte eine digitale Spiegelrefelexkamera her. Es wurde eine Canon EOS 400D mit Kitobjektiv angeschafft, die ich auch noch heute gerne für Partyfotografie benutze &#8211; <a href="http://www.events-bassen.de">www.events-bassen.de</a> . Aber am Wochenende nur Bandfotos machen und das Publikum ablichten war irgendwann ein wenig zu langweilig. Das war der Startschuss in eine neue Richtung. Nach und nach habe ich mir dann einiges an Equipment beschafft und in einem Partyraum im Keller ein kleines Studio eingerichtet. Auch hier konnte ich über einige Jahre Erfahrungen sammeln. 2011 konnte ich dann endlich mein privates Fotostudio in meiner ungenutzten 120m² Wohnung einrichten. Dort habe ich nun einen Umkleide- und Schminkraum, Bad, Küche mit Aufenthaltsbereich für Begleitpersonen und das wichtigste einen Shootingbereich im ehemaligen Wohnzimmer.<br />
Als kleines Einzugsgeschenk wurde dann auch eine neue Kamera mit Objektiven angeschafft &#8230; von nun an kann ich im Vollformat meine Modelle ablichten.</p>
<p style="text-align: justify;">Ich bin Hobbyfotograf mit einem privaten Fotostudio und suche weibliche Modelle (es spielt keine Rolle, ob du schon einmal vor der Kamera warst), um meine Erfahrungen im Bereich der Peoplefotografie zu verbessern. Meine Bildbereiche bei Shootings gehen von Portrait &#8211; Akt, wobei ich bei Akt Aufnahmen grundsätzlich Wert auf einen erotischen Ausdruck lege. Ich fotografiere nur auf TFP Basis und immer mit Vertrag, damit wir beide abgesichert sind.</p>
<p>Viel Spaß auf meiner Homepage !</p>
<p>Liebe Grüße Sascha</p>

<p>Mein Name ist Sascha. Ich bin 45 Jahre alt und wohne in einem kleinen Ort der sich Bassen nennt. Bremen ist etwa 10 km entfernt, nur damit ihr ungefähr wisst wo Bassen liegt. Ich bin Vater einer 14 jährigen Tochter. Begonnen hat alles im Jahr 2001 mit dem &#8222;Knipsen&#8220; unserer Dorf-Band &#8222;Die Patzer&#8220;. Die Speicherkarte&#8230; </p>
<div class="read-more navbutton"><a href="http://www.fotolabsie.de/?page_id=11">Read More<i class="fa fa-angle-double-right"></i></a></div>
