{"id":145,"date":"2011-01-24T05:49:35","date_gmt":"2011-01-24T04:49:35","guid":{"rendered":"http:\/\/www.fotolabsie.de\/?page_id=145"},"modified":"2020-10-25T12:29:38","modified_gmt":"2020-10-25T11:29:38","slug":"galerie-4","status":"publish","type":"page","link":"https:\/\/www.fotolabsie.de\/?page_id=145","title":{"rendered":"Kontakt"},"content":{"rendered":"<p><strong>Aus Datenschutz &amp; Verschl\u00fcsselungsgr\u00fcnden wurde das Kontaktformular entfernt! <\/strong><\/p>\n<p>Die Kontaktaufnahme kann <strong>nur<\/strong> noch \u00fcber die im Impressum genannte Email-Adresse erfolgen.<\/p>\n","protected":false},"excerpt":{"rendered":"<p>Aus Datenschutz &amp; Verschl\u00fcsselungsgr\u00fcnden wurde das Kontaktformular entfernt! Die Kontaktaufnahme kann nur noch \u00fcber die im Impressum genannte Email-Adresse erfolgen.<\/p>\n","protected":false},"author":1,"featured_media":0,"parent":0,"menu_order":3,"comment_status":"closed","ping_status":"closed","template":"","meta":[],"_links":{"self":[{"href":"https:\/\/www.fotolabsie.de\/index.php?rest_route=\/wp\/v2\/pages\/145"}],"collection":[{"href":"https:\/\/www.fotolabsie.de\/index.php?rest_route=\/wp\/v2\/pages"}],"about":[{"href":"https:\/\/www.fotolabsie.de\/index.php?rest_route=\/wp\/v2\/types\/page"}],"author":[{"embeddable":true,"href":"https:\/\/www.fotolabsie.de\/index.php?rest_route=\/wp\/v2\/users\/1"}],"replies":[{"embeddable":true,"href":"https:\/\/www.fotolabsie.de\/index.php?rest_route=%2Fwp%2Fv2%2Fcomments&post=145"}],"version-history":[{"count":11,"href":"https:\/\/www.fotolabsie.de\/index.php?rest_route=\/wp\/v2\/pages\/145\/revisions"}],"predecessor-version":[{"id":2269,"href":"https:\/\/www.fotolabsie.de\/index.php?rest_route=\/wp\/v2\/pages\/145\/revisions\/2269"}],"wp:attachment":[{"href":"https:\/\/www.fotolabsie.de\/index.php?rest_route=%2Fwp%2Fv2%2Fmedia&parent=145"}],"curies":[{"name":"wp","href":"https:\/\/api.w.org\/{rel}","templated":true}]}}